y 46?
7
What is the remainder when 835 is divided by 214?
193
Calculate the remainder when 37218 is divided by 255.
243
What is the remainder when 993 is divided by 645?
348
What is the remainder when 3175 is divided by 30?
25
Calculate the remainder when 2050 is divided by 965.
120
What is the remainder when 958 is divided by 477?
4
Calculate the remainder when 151420 is divided by 50467.
19
Calculate the remainder when 410 is divided by 386.
24
Calculate the remainder when 3897 is divided by 564.
513
Calculate the remainder when 151549 is divided by 49.
41
Calculate the remainder when 7665 is divided by 283.
24
What is the remainder when 555306 is divided by 59?
57
What is the remainder when 31678 is divided by 10559?
1
Calculate the remainder when 117473 is divided by 37.
35
Calculate the remainder when 1771 is divided by 107.
59
What is the remainder when 15706 is divided by 3141?
1
What is the remainder when 37657 is divided by 19?
18
What is the remainder when 18227 is divided by 35?
27
What is the remainder when 234353 is divided by 117176?
1
Calculate the remainder when 24851 is divided by 26.
21
What is the remainder when 1962837 is divided by 12?
9
Calculate the remainder when 140 is divided by 11.
8
Calculate the remainder when 241699 is divided by 728.
3
What is the remainder when 309445 is divided by 64?
5
Calculate the remainder when 72192 is divided by 24003.
183
Calculate the remainder when 2542 is divided by 494.
72
What is the remainder when 88448 is divided by 29474?
26
Calculate the remainder when 1291 is divided by 197.
109
Calculate the remainder when 5745 is divided by 487.
388
Calculate the remainder when 56991 is divided by 655.
6
What is the remainder when 4510 is divided by 901?
5
Calculate the remainder when 4137 is divided by 296.
289
Calculate the remainder when 6454 is divided by 15.
4
What is the remainder when 96 is divided by 37?
22
Calculate the remainder when 28605 is divided by 5600.
605
What is the remainder when 237 is divided by 87?
63
What is the remainder when 6082 is divided by 2027?
1
What is the remainder when 6451 is divided by 1195?
476
What is the remainder when 1152 is divided by 112?
32
What is the remainder when 1578757 is divided by 7?
5
What is the remainder when 43801 is divided by 10?
1
What is the remainder when 5950 is divided by 59?
50
What is the remainder when 16735 is divided by 154?
103
What is the remainder when 38615 is divided by 12868?
11
What is the remainder when 38627 is divided by 858?
17
What is the remainder when 352592 is divided by 38?
28
Calculate the remainder when 406 is divided by 303.
103
Calculate the remainder when 232 is divided by 92.
48
What is the remainder when 231996 is divided by 23?
18
Calculate the remainder when 35387 is divided by 164.
127
What is the remainder when 941 is divided by 47?
1
What is the remainder when 12782 is divided by 6391?
0
What is the remainder when 1482072 is divided by 15?
12
What is the remainder when 450550 is divided by 12515?
10
What is the remainder when 16189 is divided by 2817?
2104
Calculate the remainder when 112585 is divided by 124.
117
Calculate the remainder when 1582 is divided by 493.
103
Calculate the remainder when 782495 is divided by 33.
32
Calculate the remainder when 7924 is divided by 1568.
84
What is the remainder when 16278 is divided by 1627?
8
Calculate the remainder when 453480 is divided by 81.
42
Calculate the remainder when 1673 is divided by 829.
15
What is the remainder when 361269 is divided by 511?
503
What is the remainder when 161033 is divided by 4237?
27
What is the remainder when 1330402 is divided by 326?
322
Calculate the remainder when 18403 is divided by 4399.
807
Calculate the remainder when 142212 is divided by 621.
3
Calculate the remainder when 10290 is divided by 3429.
3
Calculate the remainder when 6043 is divided by 1943.
214
What is the remainder when 4404 is divided by 107?
17
What is the remainder when 22207 is divided by 19?
15
What is the remainder when 7753 is divided by 1103?
32
What is the remainder when 22705 is divided by 176?
1
What is the remainder when 53057 is divided by 3310?
97
Calculate the remainder when 127033 is divided by 52.
49
What is the remainder when 33346 is divided by 48?
34
What is the remainder when 6990 is divided by 50?
40
What is the remainder when 12513 is divided by 392?
361
What is the remainder when 9576 is divided by 3147?
135
Calculate the remainder when 5902 is divided by 59.
2
Calculate the remainder when 19166 is divided by 36.
14
What is the remainder when 1402 is divided by 573?
256
What is the remainder when 1613 is divided by 19?
17
What is the remainder when 97145 is divided by 275?
70
What is the remainder when 19995 is divided by 3179?
921
What is the remainder when 1763391 is divided by 8?
7
Calculate the remainder when 379511 is divided by 42.
41
Calculate the remainder when 7252 is divided by 666.
592
Calculate the remainder when 12971 is divided by 96.
11
Calculate the remainder when 2778 is divided by 2751.
27
Calculate the remainder when 11864 is divided by 592.
24
What is the remainder when 440 is divided by 290?
150
What is the remainder when 9084 is divided by 9046?
38
What is the remainder when 5128004 is divided by 254?
252
What is the remainder when 232829 is divided by 544?
541
Calculate the remainder when 18240 is divided by 4555.
20
Calculate the remainder when 4928 is divided by 1235.
1223
What is the remainder when 16700 is divided by 507?
476
Calculate the remainder when 27706 is divided by 17.
13
What is the remainder when 1230 is divided by 42?
12
What is the remainder when 6631 is divided by 441?
16
Calculate the remainder when 81112 is divided by 137.
8
Calculate the remainder when 121820 is divided by 172.
44
What is the remainder when 1109 is divided by 401?
307
What is the remainder when 164 is divided by 41?
0
Calculate the remainder when 175534 is divided by 62.
12
Calculate the remainder when 3401 is divided by 3.
2
What is the remainder when 1190243 is divided by 66?
65
Calculate the remainder when 210229 is divided by 21021.
19
Calculate the remainder when 3950851 is divided by 189.
184
What is the remainder when 3156 is divided by 2024?
1132
Calculate the remainder when 18163 is divided by 22.
13
Calculate the remainder when 1860 is divided by 233.
229
Calculate the remainder when 89433 is divided by 454.
449
Calculate the remainder when 377585 is divided by 68.
49
Calculate the remainder when 11219 is divided by 5471.
277
What is the remainder when 6966 is divided by 616?
190
Calculate the remainder when 1739 is divided by 769.
201
Calculate the remainder when 515990 is divided by 8.
6
What is the remainder when 29915 is divided by 265?
235
Calculate the remainder when 14389 is divided by 760.
709
Calculate the remainder when 782096 is divided by 33.
29
Calculate the remainder when 555 is divided by 93.
90
What is the remainder when 730325 is divided by 1115?
0
Calculate the remainder when 4428 is divided by 1675.
1078
What is the remainder when 7298 is divided by 494?
382
What is the remainder when 2177 is divided by 671?
164
What is the remainder when 1096 is divided by 330?
106
What is the remainder when 1777 is divided by 975?
802
Calculate the remainder when 20452 is divided by 145.
7
What is the remainder when 2127 is divided by 375?
252
Calculate the remainder when 264144 is divided by 225.
219
What is the remainder when 36700 is divided by 83?
14
What is the remainder when 3014 is divided by 510?
464
What is the remainder when 1647429 is divided by 789?
786
Calculate the remainder when 10121 is divided by 9526.
595
What is the remainder when 327 is divided by 233?
94
What is the remainder when 56431 is divided by 206?
193
What is the remainder when 1744582 is divided by 24?
22
Calculate the remainder when 414696 is divided by 12959.
8
Calculate the remainder when 231658 is divided by 231651.
7
What is the remainder when 17517118 is divided by 426?
424
What is the remainder when 1111798 is divided by 151?
136
Calculate the remainder when 21486 is divided by 197.
13
Calculate the remainder when 2790 is divided by 2770.
20
Calculate the remainder when 46335 is divided by 11562.
87
Calculate t